 6 = 2*p. What is the units digit of (-6)/p - 253/(-2)?
5
Let z be -5 - (-42)/24 - 6/8. Let a be 12/(-8) + (-42)/z. What is the units digit of (-2 - a/(-2))*356/10?
9
Suppose 4*l - 2*f = 2*f + 200, -2*l = -3*f - 99. Let c = l - -87. What is the units digit of c?
8
Let b(c) = 291*c - 148. Let m be b(10). What is the hundreds digit of ((-220)/15)/11 - m/(-6)?
4
Let j(o) = 3*o**3 - 7*o + 37. Suppose 3*m + 4*w = -0 - 1, 4*m - 4*w = 36. What is the units digit of j(m)?
7
Let p(u) = -133*u - 205. What is the units digit of p(-41)?
8
Let c(k) = k**3 - k**2 + k + 2068. Let l be c(0). Suppose 3*h = 243 - 165. Suppose -15*g + h*g = l. What is the tens digit of g?
8
Suppose -13*u - 448660 = -16*u - 17*u. What is the thousands digit of u?
2
Suppose -2754 = u + 4*o, -u - 1900 = -3*o + 833. Let j be u/(-78) - (-4)/(-26). What is the units digit of 28/j + 2 + (-18)/10?
1
Let y = 751 - 1320. Let o = y - -1187. What is the units digit of o?
8
Suppose -3*p = -5*u - 36138, 0 = -4*p - u + 17405 + 30733. What is the tens digit of p?
3
Let a be (4/4 - 4) + 43. Let j = a + -32. What is the units digit of (j + -6)/(-2) + 1 + 16?
6
Let h = 19735 - -8137. What is the hundreds digit of h?
8
Suppose 40*m + 18049710 = 141*m + 202*m. What is the hundreds digit of m?
5
Let w(n) = 3363*n**2 - 176*n - 20. What is the thousands digit of w(4)?
3
Let f = -23 + 22. Let m(o) = -6*o**2 - 4*o - 2. Let u be m(f). What is the units digit of ((-237)/(-6))/((-13)/u - 3)?
8
Let u(l) = 3*l - 15. Let s be (-1)/(((-12)/15)/4). Let m be u(s). Suppose m = 11*a - 21*a + 110. What is the tens digit of a?
1
Suppose -13*s + 9 = -12*s. Suppose -3*f + 1440 = s*f. What is the tens digit of f?
2
Suppose -2*n + 212 = 202. Suppose 2*g + 4*s - 2645 = -1055, -5*s = n. What is the units digit of g?
7
Let p(l) = 3*l + 4. Let u be p(7). Suppose -85 + u = -10*f. Suppose -343 = -f*t + 83. What is the tens digit of t?
7
Suppose 5*k - 5*j - 16670 = 0, -5*k - 2258*j + 16667 = -2262*j. What is the hundreds digit of k?
3
Let o(f) = -4 + 29 - 46*f**2 + 24*f + 45*f**2. Let i be o(25). Suppose 2*g + i*g - 230 = 0. What is the units digit of g?
5
Suppose 7211 - 37074 = -4*f - p, f = -p + 7468. What is the hundreds digit of f?
4
Let n(t) = 15*t**3 + 131*t**2 - 11*t + 2. What is the thousands digit of n(4)?
3
Let h = 89400 - 28561. What is the hundreds digit of h?
8
Let f(h) = -25*h - 138. Let i(j) = 75*j + 412. Let n(k) = -17*f(k) - 6*i(k). What is the tens digit of n(-27)?
4
Suppose 11*k - 14*k + 2*v = -114488, -2*k + 76304 = -4*v. What is the hundreds digit of k?
1
Let a(x) = -2*x**2 - 626*x + 627*x + 3*x**2. Let k(r) = -5*r**2 - 6*r - 7. Let v(h) = -3*a(h) - k(h). What is the tens digit of v(8)?
5
Let c(f) be the second derivative of -f**5/20 + 3*f**4/4 + f**3/6 - 3*f**2/2 + 29*f. Let g be c(9). Suppose 2*t - g*t = -1128. What is the units digit of t?
2
Let i(g) = -12*g + 1. Let y be i(4). Suppose 4*s - 2*v - 180 = 2*s, s = -v + 88. Let j = y + s. What is the tens digit of j?
4
Suppose -10 = f - 4. Let d(y) = -9*y**2 + 22*y - 26. Let o(z) = 5*z**2 - 11*z + 13. Let i(l) = -6*d(l) - 11*o(l). What is the tens digit of i(f)?
4
Suppose -2184395 - 1362316 = 197*j - 254*j. What is the ten thousands digit of j?
6
Suppose -2*j = -2 - 4. Let h be 3 + -2 - 3/j*-7. Suppose 2*r = h, 2*o - 48 - 156 = 5*r. What is the tens digit of o?
1
Suppose z = g + 51, 3*g + 156 = 4*z - 48. Let l = z - 72. What is the tens digit of (3/l)/(-1) + 1992/21?
9
Let c = -6282 - -10184. Suppose 4034 = 16*b - c. What is the tens digit of b?
9
Let i = -1301 + 2102. What is the tens digit of i?
0
Suppose 0 = z - 22 + 20. Suppose 433 = 4*h + z*m - 1425, 5*m + 1879 = 4*h. What is the units digit of h?
6
Suppose -25*o + 30977 = -78873. What is the thousands digit of o?
4
Suppose -23585 = -q - 4*y, 208*q - 205*q + 4*y = 70747. What is the units digit of q?
1
Let g(s) = -2*s**3 - 10*s**2 + 22*s - 104. What is the hundreds digit of g(-27)?
3
Suppose -17*n + 38 = 21. Let s(r) = 1295*r - 19. What is the tens digit of s(n)?
7
Let u be 1/((-6)/(-42)) - -1817. Suppose -2*f = 5*m - u, -68*m + 66*m + 2*f = -738. What is the tens digit of m?
6
Suppose -3*p = 5*n - 15803, 1041*p - 1036*p - 26327 = 3*n. What is the thousands digit of p?
5
Suppose 2*t + 3*w - 12951 = 32193, 2*w + 112841 = 5*t. What is the units digit of t?
9
Let u be 8 + (7 - (-19990)/2). Suppose 39*f = 53*f - u. What is the hundreds digit of f?
7
Let p(r) = -r**3 + r**2 + 2*r - 5. Suppose 4*k = -y + 9, -6 = -5*y + k - 24. Let n be p(y). Let l = 120 - n. What is the tens digit of l?
9
Suppose -25*g + 3*g + 497458 = 31*g. What is the tens digit of g?
8
Suppose 81*b - 1805004 = -27*b. What is the units digit of b?
3
Suppose -i + 10*j + 576 = 12*j, -4*j - 20 = 0. Suppose 0 = -4*p - m + 220 + i, 0 = 4*p + 5*m - 814. What is the units digit of p?
1
Let t(k) = -236*k + 1561. What is the ten thousands digit of t(-70)?
1
Let l be 1/((-15)/(-12))*5. Let f be l*4/((-16)/(-94)). Suppose -2*d = -284 + f. What is the tens digit of d?
9
Let m = 1763 + -33. Suppose -3*n + 5*c + m = 0, -1690 = -3*n - 0*c - 5*c. What is the units digit of n?
0
Suppose 683*x = 638*x + 2473110. What is the units digit of x?
8
Let g(r) = 2*r**2 - 2*r + 1. Let s be g(-3). Suppose 27*k = s*k + 730. What is the units digit of k?
5
Let k(o) = 5*o**3 + 24*o**2 - 7*o + 13. Let n be k(10). Suppose 22*r = 21885 - n. What is the tens digit of r?
6
Suppose 0 = -0*s - 6*s + 18. Suppose s*f = -2*f + 25. What is the tens digit of 8 - 10 - (-1 + -5)*f?
2
What is the hundreds digit of (8005/(-10)*-6)/((-24)/(-16))?
2
Let u = -26 - -31. Suppose 17 = u*a - 48. Suppose -91 + a = -2*x. What is the tens digit of x?
3
Let q(i) = i**2 + i + 2. Let m be q(-2). Suppose 148 = m*r + 528. Let x = -56 - r. What is the units digit of x?
9
Let l(s) = -16*s**2 - 78*s + 12. Let p be l(-5). Let b(q) = 164*q**2 + 4*q + 1. What is the hundreds digit of b(p)?
6
Let o(z) = 24*z + 1523. What is the thousands digit of o(22)?
2
Let v = -848 - -854. What is the units digit of (51/v + 2)*12?
6
Suppose -143*k + 1682175 = 132*k. What is the thousands digit of k?
6
What is the tens digit of -4*(6 + 70345/(-44))?
7
Let t(b) = b**2 + 24*b + 24. Let m be t(-23). Let j be 0/(42/7)*m/(-2). Suppose -4*v - 3*k + 402 = -5*k, 5*v - 5*k - 495 = j. What is the tens digit of v?
0
Let a(x) = -27 + 12*x - 80*x + 95*x + 113*x + 108*x. What is the tens digit of a(3)?
1
Suppose 4*o - 2*y = 290872, 9*o - 218157 = 6*o + y. What is the hundreds digit of o?
7
Let o = 0 - 50. Let s = 53 + o. Suppose -s*q + 106 = -14. What is the tens digit of q?
4
Let b(z) be the first derivative of 23*z**3 - 16*z**2 + 143*z - 273. What is the units digit of b(5)?
8
Suppose -7 = -z, 10*h + 77892 = 12*h + 4*z. What is the hundreds digit of h?
9
Let g = -37 - 341. Let v = 333 - g. What is the units digit of v?
1
Suppose 0 = -2*j - 0*o + 2*o - 8, o - 4 = -2*j. Let s = 370 - 109. Suppose -3*l + 0*l + s = j. What is the units digit of l?
7
Let s(k) = -8*k + 154. Let d be s(-34). Suppose -2*u + d = -4*r, 3*u = 8*u + r - 1043. What is the tens digit of u?
0
Suppose 20*l + 46*l - 56569 - 58931 = 0. What is the thousands digit of l?
1
Let r = 99 + -145. Let g = r + 21. Let u = g + 42. What is the tens digit of u?
1
Let t = -2 - 6. Let b = t + 287. Suppose 4*w - 5*q = b, -4*q - 182 - 28 = -3*w. What is the tens digit of w?
6
Let z(p) = -p**2 + 10*p + 38. Let a be -5 + 2 - (3 - 0 - 10). Suppose a*v - 5*v + 13 = b, 5*b = 3*v + 57. What is the tens digit of z(b)?
1
Let f(n) = n**3 - 9*n**2 - 57*n + 745. What is the hundreds digit of f(32)?
4
Let m = 1319 - 1120. Let j = -429 - -733. Let z = j - m. What is the hundreds digit of z?
1
Let g be (-5 + 25/(-5))*-12. Suppose -5*h + 2*l + 271 + 329 = 0, -h + 5*l + g = 0. What is the units digit of h?
0
Suppose -43 - 38 = -9*f. Suppose -2*r - 5*o = -3*r + f, 3*r = 3*o + 15. Suppose -156 = -4*a - 4*z, -3*a + r*z + 0*z + 117 = 0. What is the units digit of a?
9
Suppose 3*z = z - 2. Let n be z*(-2)/(-11) - 90/(-11). What is the tens digit of (-71)/(2/n*(-6 + 2))?
7
Let h be (-44)/(-12) + 8/(-12). Let y be -1*((-5)/(-10))/(h/(-12)). What is the tens digit of y/(-2) + 3 + 110 - -2?
1
Let r = -933 - -1660. Let y = -250 + r. What is the hundreds digit of y?
4
Suppose 65*p = 13*p + 163176. What is